{"id":1604,"date":"2019-08-30T18:27:05","date_gmt":"2019-08-30T18:27:05","guid":{"rendered":"https:\/\/saanvi.com.mx\/saanvi\/?page_id=1604"},"modified":"2023-03-13T22:32:15","modified_gmt":"2023-03-13T22:32:15","slug":"home-2-2","status":"publish","type":"page","link":"https:\/\/saanvi.com.mx\/saanvi\/","title":{"rendered":"Home-2"},"content":{"rendered":"<p>[vc_row css=\u00bb.vc_custom_1567190479589{background-image: url(https:\/\/saanvi.com.mx\/saanvi\/wp-content\/uploads\/2019\/08\/gadgets-2.jpg?id=1606) !important;background-position: center !important;background-repeat: no-repeat !important;background-size: cover !important;}\u00bb][vc_column width=\u00bb2\/3&#8243;][vc_column_text]<span style=\"color: #ffffff; font-family: raleway, sans-serif; font-weight: bold; font-size: 50px; line-height: 70px;\">Una Soluci\u00f3n Digital para el Cumplimiento de la NOM-035 <\/span>[\/vc_column_text][vc_column_text]<span style=\"font-family: open-sans, sans-serif; font-weight: 300; font-size: 18px; color: #ffffff;\">Los factores psicosociales suelen ser menospreciados por las empresas, sin embargo, estudios recientes muestran que el 75% de los trabajadores en M\u00e9xico padecen malestares asociados a los riesgos psicosociales, teniendo un impacto negativo en la productividad y rendimiento de las empresas.<\/span>[\/vc_column_text][\/vc_column][vc_column width=\u00bb1\/3&#8243;][vc_single_image image=\u00bb1616&#8243; img_size=\u00bbfull\u00bb][\/vc_column][\/vc_row][vc_row][vc_column][vc_column_text css=\u00bb.vc_custom_1567191131122{background-position: center !important;background-repeat: no-repeat !important;background-size: cover !important;}\u00bb]<\/p>\n<p style=\"text-align: center;\"><span style=\"font-family: open-sans, sans-serif; font-weight: 300; font-size: 48px;\">Evita Multas<\/span><\/p>\n<p>&nbsp;<\/p>\n<p style=\"text-align: center;\"><span style=\"font-family: open-sans, sans-serif; font-weight: 300; font-size: 48px;\">Cumple con la <\/span><span style=\"font-family: open-sans, sans-serif; font-weight: 300; font-size: 48px; color: #0184cc;\"><strong>NOM-035<\/strong> <span style=\"color: #000000;\">en una sola acci\u00f3n<\/span><\/span><\/p>\n<p>&nbsp;<\/p>\n<p style=\"text-align: center;\">Contrata los servicios y cubre todos los requisitos y entregables de la NOM-035<\/p>\n<p>[\/vc_column_text][\/vc_column][\/vc_row][vc_row css=\u00bb.vc_custom_1567204835412{margin-bottom: 50px !important;}\u00bb][vc_column][vc_column_text css=\u00bb.vc_custom_1572301331010{border-bottom-width: 50px !important;}\u00bb]<\/p>\n<p style=\"text-align: center;\"><span style=\"font-family: open-sans, sans-serif; font-weight: 300; font-size: 48px;\">Una plataforma <\/span><span style=\"font-family: open-sans, sans-serif; font-weight: 300; font-size: 48px; color: #0184cc;\">Moderna <\/span><span style=\"font-family: open-sans, sans-serif; font-weight: 300; font-size: 48px;\">Sencilla de Usar<\/span><\/p>\n<p style=\"text-align: center;\">A trav\u00e9s de una plataforma simple Saanvi acompa\u00f1a al usuario en el cumplimiento de los requisitos Nom-035<\/p>\n<p>[\/vc_column_text][vc_row_inner][vc_column_inner][vc_column_text]<span style=\"color: #ffffff;\">separacion<\/span>[\/vc_column_text][\/vc_column_inner][\/vc_row_inner][vc_row_inner][vc_column_inner width=\u00bb1\/2&#8243;][vc_single_image image=\u00bb1611&#8243; img_size=\u00bbfull\u00bb][\/vc_column_inner][vc_column_inner width=\u00bb1\/2&#8243;][vc_cta h2=\u00bb\u00bb add_icon=\u00bbleft\u00bb i_icon_fontawesome=\u00bbfa fa-rocket\u00bb i_size=\u00bblg\u00bb i_css_animation=\u00bbfadeInDown\u00bb css_animation=\u00bbnone\u00bb css=\u00bb.vc_custom_1567198892944{margin-top: -105px !important;margin-bottom: -105px !important;}\u00bb]<\/p>\n<h3>F\u00c1CIL DE USAR<\/h3>\n<p>Una interface amigable que permite al usuario revisar y controlar los datos, reportes e incidencias de forma simple y segura[\/vc_cta][vc_cta h2=\u00bb\u00bb add_icon=\u00bbleft\u00bb i_icon_fontawesome=\u00bbfa fa-puzzle-piece\u00bb i_size=\u00bblg\u00bb i_css_animation=\u00bbfadeInDown\u00bb css_animation=\u00bbnone\u00bb css=\u00bb.vc_custom_1567198909297{margin-top: -105px !important;margin-bottom: -105px !important;}\u00bb]<\/p>\n<h3>MANEJA TU PLAN<\/h3>\n<p>Obt\u00e9n los datos que necesitas para conocer el estatus de tu empresa o de un departamento especifico y poder tomar soluciones practicas y r\u00e1pidas[\/vc_cta][vc_cta h2=\u00bb\u00bb add_icon=\u00bbleft\u00bb i_icon_fontawesome=\u00bbfa fa-thumbs-o-up\u00bb i_size=\u00bblg\u00bb i_css_animation=\u00bbfadeInDown\u00bb css_animation=\u00bbnone\u00bb css=\u00bb.vc_custom_1567198927294{margin-top: -105px !important;margin-bottom: -105px !important;}\u00bb]<\/p>\n<h3>PERSONALIZABLE<\/h3>\n<p>Sabemos que eres \u00fanico, es por eso que te ofrecemos un men\u00fa de soluciones customizable pensada especialmente para ti[\/vc_cta][\/vc_column_inner][\/vc_row_inner][\/vc_column][\/vc_row][vc_row][vc_column width=\u00bb1\/2&#8243;][vc_column_text]<\/p>\n<h4><span style=\"font-family: open-sans, sans-serif; font-weight: 300; font-size: 40px;\">En cualquier lugar,<\/span><\/h4>\n<h4><span style=\"font-family: open-sans, sans-serif; font-weight: 300; font-size: 40px;\">En cualquier momento&#8230;<\/span><\/h4>\n<p style=\"text-align: left;\">Saanvi esta lista para ir a cualquier lado; con su f\u00e1cil acceso y disponibilidad total, ofrece su amplia gama de servicios en la versi\u00f3n web y la versi\u00f3n m\u00f3vil permitiendo as\u00ed que los usuarios busquen el momento del d\u00eda\u00a0 en el que se sientan c\u00f3modos para <span data-dobid=\"hdw\">interactuar <\/span>con Saanvi.<\/p>\n<p style=\"text-align: left;\">Su versatilidad permite ingresar a la plataforma desde cualquier sistema operativo ya sea en equipos fijos o m\u00f3viles.<\/p>\n<p>[\/vc_column_text][\/vc_column][vc_column width=\u00bb1\/2&#8243;][vc_single_image image=\u00bb1612&#8243; img_size=\u00bbfull\u00bb][\/vc_column][\/vc_row][vc_row css=\u00bb.vc_custom_1567199376922{background-color: #000000 !important;}\u00bb][vc_column width=\u00bb1\/3&#8243;][vc_column_text]<img decoding=\"async\" loading=\"lazy\" class=\"alignnone size-full wp-image-3413 aligncenter\" src=\"http:\/\/ibsc.com.mx\/home\/wp-content\/uploads\/2019\/08\/u366-r.png\" alt=\"\" width=\"83\" height=\"95\" \/><\/p>\n<h4 style=\"text-align: center; color: #0184cc;\"><span style=\"color: #28a4de;\">Aumenta tu<\/span><\/h4>\n<h4 style=\"text-align: center; color: #0184cc;\"><span style=\"color: #28a4de;\">productividad<\/span><\/h4>\n<p>[\/vc_column_text][\/vc_column][vc_column width=\u00bb1\/3&#8243;][vc_column_text]<img decoding=\"async\" loading=\"lazy\" class=\"alignnone size-full wp-image-3414 aligncenter\" src=\"http:\/\/ibsc.com.mx\/home\/wp-content\/uploads\/2019\/08\/u374-r.png\" alt=\"\" width=\"74\" height=\"95\" \/><\/p>\n<h4 style=\"text-align: center; color: #28a4de;\"><span style=\"color: #28a4de;\">Cumple con la<\/span><\/h4>\n<h4 style=\"text-align: center; color: #28a4de;\"><span style=\"color: #28a4de;\">Nom-035<\/span><\/h4>\n<p>[\/vc_column_text][\/vc_column][vc_column width=\u00bb1\/3&#8243;][vc_column_text]<img decoding=\"async\" loading=\"lazy\" class=\"alignnone size-full wp-image-3399 aligncenter\" src=\"http:\/\/ibsc.com.mx\/home\/wp-content\/uploads\/2019\/08\/u396-r.png\" alt=\"\" width=\"74\" height=\"95\" \/><\/p>\n<h4 style=\"text-align: center; color: #28a4de;\"><span style=\"color: #28a4de;\">Evaluaci\u00f3n<\/span><\/h4>\n<h4 style=\"text-align: center; color: #28a4de;\"><span style=\"color: #28a4de;\">Segmentada<\/span><\/h4>\n<p>[\/vc_column_text][\/vc_column][\/vc_row][vc_row][vc_column][vc_column_text]<\/p>\n<h1 style=\"text-align: center;\"><b>Beneficios\u2026<\/b><\/h1>\n<p>[\/vc_column_text][vc_row_inner][vc_column_inner width=\u00bb1\/3&#8243;][vc_column_text]<\/p>\n<h3 style=\"text-align: center;\"><strong>Cumplimiento de la <\/strong><strong>NOM-035<\/strong><\/h3>\n<p>[\/vc_column_text][vc_empty_space height=\u00bb12px\u00bb][vc_cta h2=\u00bb\u00bb add_icon=\u00bbleft\u00bb i_icon_fontawesome=\u00bbfa fa-tags\u00bb css=\u00bb.vc_custom_1572301800936{margin-top: -110px !important;margin-bottom: -110px !important;}\u00bb]<\/p>\n<p style=\"text-align: left;\">Determina los campos de acci\u00f3n, riesgos y rangos en los que se enfocar\u00e1 tu compa\u00f1\u00eda para el cuidado de la salud psicosocial de tus colaboradores<\/p>\n<p>[\/vc_cta][vc_empty_space height=\u00bb12px\u00bb][vc_cta h2=\u00bb\u00bb add_icon=\u00bbleft\u00bb i_icon_fontawesome=\u00bbfa fa-envelope-open-o\u00bb css=\u00bb.vc_custom_1567200113266{margin-top: -110px !important;margin-bottom: -110px !important;}\u00bb]Ofrece un mecanismo de denuncia confidencial para tus colaboradores conforme a lo que establece la norma[\/vc_cta][vc_cta h2=\u00bb\u00bb add_icon=\u00bbleft\u00bb i_icon_fontawesome=\u00bbfa fa-folder-open-o\u00bb css=\u00bb.vc_custom_1567200152146{margin-top: -110px !important;margin-bottom: -110px !important;}\u00bb]Cuenta con el seguimiento y documentaci\u00f3n necesaria para la revisi\u00f3n del cumplimiento de la NOM-035[\/vc_cta][\/vc_column_inner][vc_column_inner width=\u00bb1\/3&#8243;][vc_column_text]<\/p>\n<h3 style=\"text-align: center;\"><b>Modelo<\/b><\/h3>\n<p>[\/vc_column_text][vc_empty_space height=\u00bb12px\u00bb][vc_cta h2=\u00bb\u00bb add_icon=\u00bbleft\u00bb i_icon_fontawesome=\u00bbfa fa-futbol-o\u00bb css=\u00bb.vc_custom_1678746196879{margin-top: -110px !important;margin-bottom: -110px !important;}\u00bb]Enfocado en crear un entorno productivo y generar mayor engagement en los colaboradores de tu empresa[\/vc_cta][vc_empty_space][vc_cta h2=\u00bb\u00bb add_icon=\u00bbleft\u00bb i_icon_fontawesome=\u00bbfa fa-signal\u00bb css=\u00bb.vc_custom_1678745973597{margin-top: -110px !important;margin-bottom: -110px !important;}\u00bb]A trav\u00e9z de los soportes corporativos del programa se neutralizan las demandas de la operaci\u00f3n para incrementar la productividad y satisfacci\u00f3n laboral.[\/vc_cta][vc_empty_space][vc_cta h2=\u00bb\u00bb add_icon=\u00bbleft\u00bb i_icon_fontawesome=\u00bbfa fa-cogs\u00bb css=\u00bb.vc_custom_1567200485645{margin-top: -110px !important;margin-bottom: -110px !important;}\u00bb]Utilizando un espectro m\u00e1s amplio contempla el factor\u00a0 y no solo al riesgo implementando una visi\u00f3n hol\u00edstica del ambiente organizacional[\/vc_cta][\/vc_column_inner][vc_column_inner width=\u00bb1\/3&#8243;][vc_column_text]<\/p>\n<h3 style=\"text-align: center;\"><b>Plan de\u00a0Acci\u00f3n<\/b><\/h3>\n<p>[\/vc_column_text][vc_empty_space height=\u00bb12px\u00bb][vc_cta h2=\u00bb\u00bb add_icon=\u00bbleft\u00bb i_icon_fontawesome=\u00bbfa fa-bars\u00bb css=\u00bb.vc_custom_1567200534283{margin-top: -110px !important;margin-bottom: -110px !important;}\u00bb]Establece acciones preventivas y correctivas con metas claras y enfocadas a la filosof\u00eda de tu organizaci\u00f3n[\/vc_cta][vc_empty_space height=\u00bb12px\u00bb][vc_cta h2=\u00bb\u00bb add_icon=\u00bbleft\u00bb i_icon_fontawesome=\u00bbfa fa-asterisk\u00bb css=\u00bb.vc_custom_1567200581802{margin-top: -110px !important;margin-bottom: -110px !important;}\u00bb]<\/p>\n<div class=\"blox-element service-icon-left \" data-animate=\"none\">\n<p>Implementa experiencias personalizadas para desarrollar un ambiente organizacional favorable e incrementar el engagement en tus colaboradores<\/p>\n<\/div>\n<div class=\"blox-element service-icon-left \" data-animate=\"none\"><\/div>\n<p>[\/vc_cta][vc_empty_space][vc_cta h2=\u00bb\u00bb add_icon=\u00bbleft\u00bb i_icon_fontawesome=\u00bbfa fa-modx\u00bb css=\u00bb.vc_custom_1567200759233{margin-top: -110px !important;margin-bottom: -110px !important;}\u00bb]Asegura la formaci\u00f3n de cultura de acci\u00f3n organizacional a trav\u00e9s de un programa continuo enfocado al desarrollo de los factores psicosociales[\/vc_cta][\/vc_column_inner][\/vc_row_inner][\/vc_column][\/vc_row][vc_row css=\u00bb.vc_custom_1567796285244{background-color: #e8e8e8 !important;}\u00bb][vc_column][vc_single_image image=\u00bb1653&#8243; img_size=\u00bbfull\u00bb alignment=\u00bbcenter\u00bb][\/vc_column][\/vc_row][vc_row][vc_column][vc_column_text css=\u00bb.vc_custom_1678746622981{border-bottom-width: 50px !important;}\u00bb]<\/p>\n<p style=\"text-align: center;\"><span style=\"font-family: open-sans, sans-serif; font-weight: 300; font-size: 48px;\">\u00bfya eres uno de <\/span><span style=\"font-family: open-sans, sans-serif; font-weight: 300; font-size: 48px; color: #0184cc;\">Nuestros <\/span><span style=\"font-family: open-sans, sans-serif; font-weight: 300; font-size: 48px;\">clientes?<\/span><\/p>\n<p>[\/vc_column_text][\/vc_column][\/vc_row][vc_row][vc_column width=\u00bb1\/3&#8243;]\n<div class=\"wpcf7 no-js\" id=\"wpcf7-f829-o1\" lang=\"en-US\" dir=\"ltr\">\n<div class=\"screen-reader-response\"><p role=\"status\" aria-live=\"polite\" aria-atomic=\"true\"><\/p> <ul><\/ul><\/div>\n<form action=\"\/saanvi\/wp-json\/wp\/v2\/pages\/1604#wpcf7-f829-o1\" method=\"post\" class=\"wpcf7-form init\" aria-label=\"Contact form\" novalidate=\"novalidate\" data-status=\"init\">\n<div style=\"display: none;\">\n<input type=\"hidden\" name=\"_wpcf7\" value=\"829\" \/>\n<input type=\"hidden\" name=\"_wpcf7_version\" value=\"5.7.4\" \/>\n<input type=\"hidden\" name=\"_wpcf7_locale\" value=\"en_US\" \/>\n<input type=\"hidden\" name=\"_wpcf7_unit_tag\" value=\"wpcf7-f829-o1\" \/>\n<input type=\"hidden\" name=\"_wpcf7_container_post\" value=\"0\" \/>\n<input type=\"hidden\" name=\"_wpcf7_posted_data_hash\" value=\"\" \/>\n<\/div>\n<div class=\"form-contact-1\">\n\t<div class=\"row\">\n\t\t<div class=\"form-group col-sm-12  col-md-4\">\n\t\t\t<p><span class=\"wpcf7-form-control-wrap\" data-name=\"yourName\"><input size=\"40\" class=\"wpcf7-form-control wpcf7-text wpcf7-validates-as-required form-control\" id=\"yourName\" aria-required=\"true\" aria-invalid=\"false\" placeholder=\"Tu Nombre\" value=\"\" type=\"text\" name=\"yourName\" \/><\/span>\n\t\t\t<\/p>\n\t\t<\/div>\n\t\t<div class=\"form-group col-sm-12 col-md-4\">\n\t\t\t<p><span class=\"wpcf7-form-control-wrap\" data-name=\"yourEmail\"><input size=\"40\" class=\"wpcf7-form-control wpcf7-text wpcf7-email wpcf7-validates-as-required wpcf7-validates-as-email form-control\" id=\"yourEmail\" aria-required=\"true\" aria-invalid=\"false\" placeholder=\"Tu Mail\" value=\"\" type=\"email\" name=\"yourEmail\" \/><\/span>\n\t\t\t<\/p>\n\t\t<\/div>\n\t\t<div class=\"form-group col-sm-12 col-md-4\">\n\t\t\t<p><span class=\"wpcf7-form-control-wrap\" data-name=\"yourPhone\"><input size=\"40\" class=\"wpcf7-form-control wpcf7-text wpcf7-validates-as-required form-control\" id=\"yourPhone\" aria-required=\"true\" aria-invalid=\"false\" placeholder=\"Tu Celular\" value=\"\" type=\"text\" name=\"yourPhone\" \/><\/span>\n\t\t\t<\/p>\n\t\t<\/div>\n\t<\/div>\n\t<div class=\"input-content\">\n\t\t<div class=\"form-group form-textarea\">\n\t\t\t<p><span class=\"wpcf7-form-control-wrap\" data-name=\"comments\"><textarea cols=\"40\" rows=\"6\" class=\"wpcf7-form-control wpcf7-textarea wpcf7-validates-as-required form-control\" id=\"textarea\" aria-required=\"true\" aria-invalid=\"false\" placeholder=\"Tu Mensaje\" name=\"comments\"><\/textarea><\/span>\n\t\t\t<\/p>\n\t\t<\/div>\n\t<\/div>\n\t<p><input class=\"wpcf7-form-control has-spinner wpcf7-submit ot-btn large-btn btn-rounded btn-main-color btn-submit\" type=\"submit\" value=\"Enviar\" \/>\n\t<\/p>\n<\/div><p style=\"display: none !important;\" class=\"akismet-fields-container\" data-prefix=\"_wpcf7_ak_\"><label>&#916;<textarea name=\"_wpcf7_ak_hp_textarea\" cols=\"45\" rows=\"8\" maxlength=\"100\"><\/textarea><\/label><input type=\"hidden\" id=\"ak_js_1\" name=\"_wpcf7_ak_js\" value=\"61\"\/><script>document.getElementById( \"ak_js_1\" ).setAttribute( \"value\", ( new Date() ).getTime() );<\/script><\/p><div class=\"wpcf7-response-output\" aria-hidden=\"true\"><\/div>\n<\/form>\n<\/div>\n[\/vc_column][vc_column width=\u00bb1\/3&#8243;][vc_empty_space][vc_empty_space][vc_empty_space][vc_column_text]<\/p>\n<h1 class=\"text-white\" style=\"text-align: center;\"><span style=\"color: #000000;\">Contactanos<\/span><\/h1>\n<div class=\"border-2-side\">\n<p style=\"text-align: center;\">Phone: (+52) 55 4633 3588<\/p>\n<p style=\"text-align: center;\">Email: contacto@ibsc.com.mx<\/p>\n<\/div>\n<p>[\/vc_column_text][\/vc_column][vc_column width=\u00bb1\/3&#8243;][vc_gmaps link=\u00bb#E-8_JTNDaWZyYW1lJTIwc3JjJTNEJTIyaHR0cHMlM0ElMkYlMkZ3d3cuZ29vZ2xlLmNvbSUyRm1hcHMlMkZlbWJlZCUzRnBiJTNEJTIxMW0xOCUyMTFtMTIlMjExbTMlMjExZDM3NjQuMDcyNzY3ODkyMTA1MyUyMTJkLTk5LjE3MTk5NiUyMTNkMTkuMzY2MDAxNiUyMTJtMyUyMTFmMCUyMTJmMCUyMTNmMCUyMTNtMiUyMTFpMTAyNCUyMTJpNzY4JTIxNGYxMy4xJTIxM20zJTIxMW0yJTIxMXMweDg1ZDFmZjk0MTgwZTBkYzUlMjUzQTB4ZDU5ZmU1NzA3NzIzMzc3JTIxMnNBdi4lMjUyMENveW9hYyUyNUMzJTI1QTFuJTI1MjAxNjIyJTI1MkMlMjUyMENvbCUyNTIwZGVsJTI1MjBWYWxsZSUyNTIwU3VyJTI1MkMlMjUyMEJlbml0byUyNTIwSnUlMjVDMyUyNUExcmV6JTI1MkMlMjUyMDAzMTAwJTI1MjBDaXVkYWQlMjUyMGRlJTI1MjBNJTI1QzMlMjVBOXhpY28lMjUyQyUyNTIwQ0RNWCUyMTVlMCUyMTNtMiUyMTFzZXMtNDE5JTIxMnNteCUyMTR2MTY3ODc0NjQyNjQxNSUyMTVtMiUyMTFzZXMtNDE5JTIxMnNteCUyMiUyMHdpZHRoJTNEJTIyNjAwJTIyJTIwaGVpZ2h0JTNEJTIyNDUwJTIyJTIwc3R5bGUlM0QlMjJib3JkZXIlM0EwJTNCJTIyJTIwYWxsb3dmdWxsc2NyZWVuJTNEJTIyJTIyJTIwbG9hZGluZyUzRCUyMmxhenklMjIlMjByZWZlcnJlcnBvbGljeSUzRCUyMm5vLXJlZmVycmVyLXdoZW4tZG93bmdyYWRlJTIyJTNFJTNDJTJGaWZyYW1lJTNF\u00bb][\/vc_column][\/vc_row]<\/p>\n","protected":false},"excerpt":{"rendered":"<p>[vc_row css=\u00bb.vc_custom_1567190479589{background-image: url(https:\/\/saanvi.com.mx\/saanvi\/wp-content\/uploads\/2019\/08\/gadgets-2.jpg?id=1606) !important;background-position: center !important;background-repeat: no-repeat !important;background-size: cover !important;}\u00bb][vc_column width=\u00bb2\/3&#8243;][vc_column_text]Una Soluci\u00f3n Digital para el Cumplimiento de la NOM-035 [\/vc_column_text][vc_column_text]Los factores psicosociales suelen ser menospreciados por las empresas, sin embargo, estudios recientes muestran que el 75% de los trabajadores en M\u00e9xico padecen malestares asociados a los riesgos psicosociales, teniendo un impacto negativo en la productividad [&hellip;]<\/p>\n","protected":false},"author":9,"featured_media":0,"parent":0,"menu_order":0,"comment_status":"closed","ping_status":"closed","template":"page-templates\/template-canvas.php","meta":[],"wf_page_folders":[],"_links":{"self":[{"href":"https:\/\/saanvi.com.mx\/saanvi\/wp-json\/wp\/v2\/pages\/1604"}],"collection":[{"href":"https:\/\/saanvi.com.mx\/saanvi\/wp-json\/wp\/v2\/pages"}],"about":[{"href":"https:\/\/saanvi.com.mx\/saanvi\/wp-json\/wp\/v2\/types\/page"}],"author":[{"embeddable":true,"href":"https:\/\/saanvi.com.mx\/saanvi\/wp-json\/wp\/v2\/users\/9"}],"replies":[{"embeddable":true,"href":"https:\/\/saanvi.com.mx\/saanvi\/wp-json\/wp\/v2\/comments?post=1604"}],"version-history":[{"count":97,"href":"https:\/\/saanvi.com.mx\/saanvi\/wp-json\/wp\/v2\/pages\/1604\/revisions"}],"predecessor-version":[{"id":1901,"href":"https:\/\/saanvi.com.mx\/saanvi\/wp-json\/wp\/v2\/pages\/1604\/revisions\/1901"}],"wp:attachment":[{"href":"https:\/\/saanvi.com.mx\/saanvi\/wp-json\/wp\/v2\/media?parent=1604"}],"wp:term":[{"taxonomy":"wf_page_folders","embeddable":true,"href":"https:\/\/saanvi.com.mx\/saanvi\/wp-json\/wp\/v2\/wf_page_folders?post=1604"}],"curies":[{"name":"wp","href":"https:\/\/api.w.org\/{rel}","templated":true}]}}